14, what is -3074 - 19c1?
-4a55
In base 8, what is 14706501 + 4?
14706505
In base 13, what is -1b019cb - -1?
-1b019ca
In base 14, what is a + 145396?
1453a2
In base 7, what is 1 + -6011321?
-6011320
In base 13, what is 1 + 336a8434?
336a8435
In base 10, what is 3988316 - -6?
3988322
In base 3, what is 1120012110021 - -1201?
1120012111222
In base 3, what is 2011201 - 1020222010221?
-1020212222020
In base 14, what is -17205 - 37c?
-17583
In base 10, what is -3 + -14326745?
-14326748
In base 7, what is 2104662 + 1?
2104663
In base 6, what is -3 - -25023212?
25023205
In base 16, what is 4b + -dbb12?
-dbac7
In base 2, what is 1001000010 - 100101011000101?
-100100010000011
In base 4, what is -2023330111 - 201?
-2023330312
In base 8, what is 2 - 117771012?
-117771010
In base 14, what is cd62cd + 4?
cd62d3
In base 2, what is 1010011000 - -11110001011111111?
11110010110010111
In base 8, what is 512502 + 4?
512506
In base 12, what is -4 - ab7694?
-ab7698
In base 13, what is -96ca - 546?
-9c43
In base 13, what is 2241 + -1023?
121b
In base 7, what is 1132565 + -1026?
1131536
In base 2, what is -1000 - -11011010100100000000111?
11011010100011111111111
In base 11, what is -153 + -3745?
-3898
In base 16, what is -52f1e - -1d?
-52f01
In base 15, what is 5 - -22247a?
222480
In base 11, what is -364 + -116779?
-117032
In base 6, what is -1 + 25411135?
25411134
In base 5, what is -11432404020 - -31?
-11432403434
In base 7, what is -55105 - 10632?
-66040
In base 6, what is -3 - -115503442?
115503435
In base 4, what is 20203301310 - -230?
20203302200
In base 13, what is 1559cb42 - 5?
1559cb3a
In base 5, what is 31404234 + 10131?
31414420
In base 6, what is 520 - 31301541?
-31301021
In base 12, what is 3 + -5205064?
-5205061
In base 3, what is 202022121 - -2020102201?
2222202022
In base 6, what is -22200421 + -400?
-22201221
In base 4, what is 103211022011 - -2?
103211022013
In base 13, what is 5 + a6cc96?
a6cc9b
In base 8, what is -31153027 - -3?
-31153024
In base 12, what is 4 - 93a5058?
-93a5054
In base 4, what is 12 - -13231230330?
13231231002
In base 6, what is 14 - -1251434251?
1251434305
In base 16, what is 0 + 7661396?
7661396
In base 16, what is -8e3 - 10caa?
-1158d
In base 8, what is -141 - -5517465?
5517324
In base 8, what is -20 - -36157226?
36157206
In base 16, what is -132834 - -b?
-132829
In base 14, what is -42bc0 - a4a?
-4382a
In base 16, what is 3 - -1f92e3?
1f92e6
In base 3, what is 122002221010122 - 11?
122002221010111
In base 8, what is -6 - 12216243?
-12216251
In base 4, what is -1023322131 - 203?
-1023323000
In base 10, what is -74824 - 11?
-74835
In base 8, what is -1577035 - -242?
-1576573
In base 7, what is 435012325 - 14?
435012311
In base 5, what is 1141 + -110324340?
-110323144
In base 4, what is -10 - 3212221102010?
-3212221102020
In base 5, what is -1342133243 - 103?
-1342133401
In base 8, what is -10133 - 73223?
-103356
In base 14, what is -15479b + 6?
-154795
In base 11, what is 52012 + 56?
52068
In base 8, what is -5 + 15200617?
15200612
In base 3, what is -1212211222 - 1221212?
-1221210211
In base 11, what is -11a42a7 - -4?
-11a42a3
In base 8, what is 3655 - 4422?
-545
In base 7, what is -3 - 163615466?
-163615502
In base 8, what is 5571640 - -52?
5571712
In base 8, what is -14701507 + 52?
-14701435
In base 8, what is 4 - -32565221?
32565225
In base 8, what is -2214573 - 13?
-2214606
In base 5, what is -3 + -2200203121?
-2200203124
In base 11, what is -4 - -4011063?
401105a
In base 8, what is -130363 + 1033?
-127330
In base 16, what is 15d + -5ab6?
-5959
In base 12, what is -220a5 - -25?
-22080
In base 9, what is -10 - 11143720?
-11143730
In base 8, what is -101 - -3250?
3147
In base 16, what is -1136c + -3?
-1136f
In base 5, what is -3 - 41013320332?
-41013320340
In base 12, what is -4 + -38603a?
-386042
In base 10, what is -395 + 403742?
403347
In base 12, what is 2861 + -80?
27a1
In base 8, what is 25 + 547172?
547217
In base 6, what is -20 + -10115340?
-10115400
In base 10, what is -2 + 18623951?
18623949
In base 11, what is 64840a1 - -91?
6484182
In base 9, what is 63 - -380437?
380511
In base 16, what is -4b9379 + 11?
-4b9368
In base 8, what is 5 - 42700475?
-42700470
In base 13, what is 11 - 308b4?
-308a3
In base 10, what is 1152516 - 5?
1152511
In base 10, what is 1341169 + 16?
1341185
In base 9, what is -60 + 70628?
70558
In base 16, what is d5ba2a - -4?
d5ba2e
In base 4, what is -331102323323 - 11?
-331102330000
In base 3, what is 10 + 12201210010222001?
12201210010222011
In base 10, what is 3 - -25906196?
25906199
In base 14, what is 1642a6 - -265?
16452b
In base 2, what is -111111110 - -11000001111001111?
11000000111010001
In base 7, what is 53250 + -264?
52653
In base 6, what is 11043510450 - -2?
11043510452
In base 4, what is 111100020110210 - 11?
111100020110133
In base 13, what is 2 - 1320ba0?
-1320b9b
In base 6, what is 13433452020 - 5?
13433452011
In base 12, what is -2 + 15a6a65?
15a6a63
In base 7, what is 16336 + -1225503?
-1206134
In base 13, what is 19406662 + 6?
19406668
In base 12, what is 4 + 95531a?
955322
In base 11, what is -84868a4 - -25?
-848687a
In base 6, what is 1003 - -1423512?
1424515
In base 7, what is 416544664 - 2?
416544662
In base 12, what is -352 + -923260?
-9235b2
In base 14, what is 508c02 - -2?
508c04
In base 10, what is 8950 + 23117?
32067
In base 11, what is 1167a19 - -5?
1167a23
In base 4, what is 1013232221100 + -21?
1013232221013
In base 14, what is -4 - -c03111?
c0310b
In base 6, what is 4453455 + 10025?
4503524
In base 9, what is 367016 + -164?
366742
In base 8, what is 145062620 + -12?
145062606
In base 7, what is -5 - 20444666?
-20445004
In base 7, what is -2 + 2245650563?
2245650561
In base 9, what is -1 - 141187516?
-141187517
In base 8, what is -101534257 - 14?
-101534273
In base 9, what is 5 + -37872350?
-37872344
In base 8, what is -137446 + -114?
-137562
In base 11, what is -2 + -34978a12?
-34978a14
In base 15, what is 0 - -1186e58c?
1186e58c
In base 5, what is 420332 - 431?
414401
In base 14, what is 2c042d1 - -1b?
2c0430c
In base 8, what is 332 - 114257?
-113725
In base 5, what is 434132031 - -30?
434132111
In base 13, what is 7 + 308b3b?
308b45
In base 13, what is 2a + -110642?
-110615
In base 16, what is -127e - b62?
-1de0
In base 2, what is -1 - 1011000011110011011?
-1011000011110011100
In base 5, what is 234021303310 + 20?
234021303330
In base 2, what is 1000 + 1001001001001001100001?
1001001001001001101001
In base 7, what is 2 + -532014351?
-532014346
In base 7, what is 451 - 343652?
-343201
In base 11, what is 2171 + 3784?
5945
In base 2, what is -1101101100011 + -1100100010?
-1111010000101
In base 12, what is 5b34 - -1299?
7211
In base 5, what is 3 - -224141324?
224141332
In base 2, what is 11001101111001100101100010 + -10?
11001101111001100101100000
In base 9, what is -187273 - 8?
-187282
In base 15, what is -2 - 38e5b7e?
-38e5b81
In base 3, what is -201 + 212221221010?
212221220102
In base 10, what is 1 + -1896733?
-1896732
In base 2, what is -1111000001011100001 - 10010010?
-1111000001101110011
In base 9, what is 4731566 + 2?
4731568
In base 16, what is 5de5e + -3f2?
5da6c
In base 12, what is 3bb8 - -15199?
19195
In base 10, what is -1 + -18570719?
-18570720
In base 5, what is 114030 - -3110?
122140
In base 7, what is 2022 - 61041?
-56016
In base 16, what is -1 - 1213c0?
-1213c1
In base 7, what is 110256 + 336?
110625
In base 4, what is -200 + -1202201132?
-1202201332
In base 10, what is -3336342 - 3?
-3336345
In base 9, what is 4 - 124304416?
-124304412
In base 4, what is -11013 - 210011202?
-210022221
In base 2, what is -1100000 + -101101000110010100001?
-101101000110100000001
In base 14, what is 876 - 1062c?
-db96
In base 12, what is 11 - 15b7188?
-15b7177
In base 15, what is -1ba336a - -2?
-1ba3368
In base 11, what is -5 + -7017217?
-7017221
In base 5, what is 200242110 - 31?
200242024
In base 8, what is 2326 - -71261?
73607
In base 9, what is 770485 + 1860?
772455
In base 11, what is -90310 - 150?
-90460
In base 8, what is -436512 - -571?
-435721
In base 16, what is e7e4 + -1f0?
e5f4
In base 5, what is -20101 + -410223?
-430324
In base 3, what is 1112 + 100210021111011?
100210021112200
In base 5, what is 11142 + 2413300?
2424442
In base 5, what is -1